{"id":48,"date":"2016-11-18T09:46:41","date_gmt":"2016-11-18T07:46:41","guid":{"rendered":"http:\/\/www.horseteq.com\/shop\/?post_type=product&#038;p=48"},"modified":"2026-02-03T20:36:39","modified_gmt":"2026-02-03T18:36:39","slug":"horseteq-basic-kit-fi","status":"publish","type":"product","link":"https:\/\/www.horseteq.com\/shop\/fi\/product\/horseteq-basic-kit-fi\/","title":{"rendered":"Horseteq Basic Kit"},"content":{"rendered":"<p><strong>Kehityksess\u00e4<\/strong><br \/>\nHorseteqin avulla saat tietoa hevosesi nopeudesta voit analysoida askellusta ja tarkkailla hevosesi symmetriaa. Kaikki t\u00e4m\u00e4 auttaa sinua tekem\u00e4\u00e4n harjoitussuunnitelmia ja varmistamaan, ett\u00e4 hevosesi voi hyvin. Horseteq-sensorit ovat pieni\u00e4 ja kevyit\u00e4, ja ne hy\u00f6dynt\u00e4v\u00e4t uusinta teknologiaa. Ne lataavat ja siirt\u00e4v\u00e4t dataa langattomasti, joten niit\u00e4 on helppo k\u00e4ytt\u00e4\u00e4 talliymp\u00e4rist\u00f6ss\u00e4. Sensorit ovat my\u00f6s t\u00e4ysin vedenpit\u00e4v\u00e4t, ja niit\u00e4 voidaan k\u00e4ytt\u00e4\u00e4 kaikissa s\u00e4\u00e4oloissa. Aseta vain sensori kuhunkin pakkauksen mukana tulleeseen pantaan ja kiinnit\u00e4 ne hevosesi jalkoihin (lis\u00e4tilauksena my\u00f6s 4 kpl jalkasuojasetti).<\/p>\n<p>Horseteqin helppok\u00e4ytt\u00f6isen sovelluksen avulla voit seurata hevosesi jokaista askelta mobiililaitteesi ruudulta, jopa reaaliajassa. Sovelluksen harjoitusp\u00e4iv\u00e4kirja tallentaa jokaisen harjoituskerran, joten voit tarkastella hevosesi kehityst\u00e4 koska tahdot.<\/p>\n<p>Horseteq Basic Kit sis\u00e4lt\u00e4\u00e4:<\/p>\n<ul>\n<li>Nelj\u00e4 Horseteq-sensoria<\/li>\n<li>Nelj\u00e4 pantaa<\/li>\n<li>Langaton latausalusta nelj\u00e4lle sensorille (USB type C yhteensopiva)<\/li>\n<li>Virtajohto<\/li>\n<\/ul>\n","protected":false},"excerpt":{"rendered":"<p>Kehityksess\u00e4 Horseteqin avulla saat tietoa hevosesi nopeudesta voit analysoida askellusta ja tarkkailla hevosesi symmetriaa. Kaikki t\u00e4m\u00e4 auttaa sinua tekem\u00e4\u00e4n harjoitussuunnitelmia ja varmistamaan, ett\u00e4 hevosesi voi hyvin. Horseteq-sensorit ovat pieni\u00e4 ja kevyit\u00e4, ja ne hy\u00f6dynt\u00e4v\u00e4t uusinta teknologiaa. Ne lataavat ja siirt\u00e4v\u00e4t dataa langattomasti, joten niit\u00e4 on helppo k\u00e4ytt\u00e4\u00e4 talliymp\u00e4rist\u00f6ss\u00e4. Sensorit ovat my\u00f6s t\u00e4ysin vedenpit\u00e4v\u00e4t, ja niit\u00e4 &hellip; <\/p>\n<p class=\"link-more\"><a href=\"https:\/\/www.horseteq.com\/shop\/fi\/product\/horseteq-basic-kit-fi\/\" class=\"more-link\">Read More <span class=\"screen-reader-text\"> &#8220;Horseteq Basic Kit&#8221;<\/span><\/a><\/p>\n","protected":false},"featured_media":85,"comment_status":"open","ping_status":"closed","template":"","meta":[],"product_cat":[69],"product_tag":[],"class_list":{"0":"post-48","1":"product","2":"type-product","3":"status-publish","4":"has-post-thumbnail","6":"product_cat-uncategorized-en-fi","8":"first","9":"instock","10":"taxable","11":"shipping-taxable","12":"product-type-simple"},"_links":{"self":[{"href":"https:\/\/www.horseteq.com\/shop\/wp-json\/wp\/v2\/product\/48","targetHints":{"allow":["GET"]}}],"collection":[{"href":"https:\/\/www.horseteq.com\/shop\/wp-json\/wp\/v2\/product"}],"about":[{"href":"https:\/\/www.horseteq.com\/shop\/wp-json\/wp\/v2\/types\/product"}],"replies":[{"embeddable":true,"href":"https:\/\/www.horseteq.com\/shop\/wp-json\/wp\/v2\/comments?post=48"}],"wp:featuredmedia":[{"embeddable":true,"href":"https:\/\/www.horseteq.com\/shop\/wp-json\/wp\/v2\/media\/85"}],"wp:attachment":[{"href":"https:\/\/www.horseteq.com\/shop\/wp-json\/wp\/v2\/media?parent=48"}],"wp:term":[{"taxonomy":"product_cat","embeddable":true,"href":"https:\/\/www.horseteq.com\/shop\/wp-json\/wp\/v2\/product_cat?post=48"},{"taxonomy":"product_tag","embeddable":true,"href":"https:\/\/www.horseteq.com\/shop\/wp-json\/wp\/v2\/product_tag?post=48"}],"curies":[{"name":"wp","href":"https:\/\/api.w.org\/{rel}","templated":true}]}}